 = 2646 + -2622. Calculate the greatest common factor of s and g.
12
Suppose 0 = -15*v + 8*v + 455. Suppose 10*n + v = 15*n. Calculate the greatest common factor of n and 481.
13
Suppose -6589 - 539 = -229*t + 141*t. What is the highest common factor of t and 6129?
27
Let z(m) = -38*m + 630. Let p be z(-4). Calculate the highest common divisor of 92 and p.
46
Suppose -24*w = -22*w + 2*x - 390, 11*w + 5*x = 2127. What is the highest common factor of w and 5808?
48
Let g be 1 - 2 - (-26 - 3). Suppose 0 = 2*x - 7 - 3. Suppose p - x*w - g - 12 = 0, -2*p - 5*w + 95 = 0. What is the highest common factor of p and 15?
15
Let g(k) = 12*k + 2754. Let f be g(-45). Calculate the highest common divisor of f and 54.
54
Let l = 130 + -114. Let d be (-68)/(1/(-4)*2). What is the greatest common factor of l and d?
8
Suppose -9560*z + 9586*z - 13156 = 0. Calculate the greatest common divisor of z and 704.
22
Let f be (2 + -154 + 2)/(2680/180 - 15). What is the greatest common divisor of 6 and f?
6
Suppose 2 + 13 = 5*g. Suppose 3*b = 6 + g. Let p be (-7 + 8)/(b/21). Calculate the greatest common divisor of p and 14.
7
Suppose 137 = 4*k + 5*i, -3*k = -i - 2*i - 123. Suppose 0 = -3*g - 6, 5*n = -33*g + k*g + 190. What is the highest common factor of 27 and n?
9
Suppose -31*b + 35*b + 4*m - 13812 = 0, -13818 = -4*b - 2*m. What is the highest common divisor of 27 and b?
27
Let a be (-2)/(-5) + (-146)/(-10). Suppose -2059 = -8*p + 2245. Let q be 6/243*9 - p/(-9). Calculate the greatest common factor of q and a.
15
Let k(h) = -1411 + 16*h + 678 + 661. Let i be k(16). What is the greatest common divisor of i and 23?
23
Let c be (-8)/6 + (36064/(-24))/(-14). Calculate the greatest common factor of c and 2862.
106
Let j be 0/7 + (6 - 2). Suppose 3*n + j*v - 94 = 0, -n = 3*n - 3*v - 117. Calculate the highest common divisor of n and 10.
10
Let t(g) = 117*g - 3306. Let w be t(30). What is the greatest common factor of 2748 and w?
12
Suppose 5 = 4*c + 3*y - 13, -5*c = y - 28. Let l(h) = h**3 - 8*h**2 + 17. Let i be l(7). Let j = 44 + i. What is the highest common divisor of j and c?
6
Let p = -14 - 13. Let f = -824 + 807. Let s = f - p. What is the highest common factor of 70 and s?
10
Let p be (-1375)/(-2) + (-2)/(-4). Let d(o) = o**2 + 97*o - 5795. Let a be d(42). Calculate the highest common divisor of a and p.
43
Let l(r) be the first derivative of -2*r**3/3 + 8*r**2 - 6*r + 37. Let f be l(7). Let b = 11 - 7. What is the highest common divisor of f and b?
4
Let a be (6/2)/(1/5). Let b(o) = -o**3 + 12*o**2 - 15*o + 14. Let j be b(9). Let i be 16/10*4575/j. Calculate the greatest common divisor of i and a.
15
Suppose -2*p = 5*s + 4, -3*s - p - 8 = 3*p. Let j = s - 18. Let c = j - -23. What is the highest common divisor of 1 and c?
1
Suppose z + 180 = 3*j, -3*z = 3*j - 0*z - 180. Let d be (-220)/(-88)*(-354)/(-20) + 6/8. Calculate the highest common divisor of j and d.
15
Let b = -285 + 57. Let n be 2/(-8) - b/16. Let j = -9810 - -9817. What is the highest common divisor of n and j?
7
Let k(j) = j**3 + 6*j**2 + 4*j - 4. Let i = 78 - 61. Let h(o) = o**2 - 17*o - 4. Let s be h(i). Let f be k(s). What is the greatest common factor of f and 36?
12
Suppose 167*x - 183*x = -6032. Let t = -360 + x. Calculate the highest common divisor of 1088 and t.
17
Suppose -30 = -5*d - 4*r, -r - 22 = -d - 5*r. Suppose -3*x = 5*o - 3693, -4*o - d*x + 2843 = -113. Calculate the greatest common factor of 78 and o.
39
Let b = 3260 + -2980. What is the greatest common divisor of 200 and b?
40
Suppose -3*y + 21 = 4*h, 6*h + 2*y = h + 35. Suppose -h*z = -104 - 760. What is the highest common factor of 32 and z?
32
Let z = 747 - 571. Suppose 5*d + 5*s = -0*d + 10, 6 = 3*d - 2*s. Suppose -4*n + 63 = a, -d*a + 4*a = 4*n - 66. Calculate the greatest common divisor of n and z.
16
Suppose 0 = g - 2*x - 34, 5*g + x = -0*x + 192. Suppose -245*k + 9847 - 537 = 0. What is the highest common divisor of k and g?
38
Let v = 2771 - 1945. What is the greatest common divisor of v and 14?
14
Suppose 0 = 9*s - 13*s - 124. Let i = -9 - s. Suppose 3*x + 5 = -y, 4*x + 6 = 4*y - i. What is the greatest common factor of 52 and y?
4
Let d be (-7 - (-276)/36)*(-42)/(-4). Suppose -3*a + 6*a = -126. Let j = 98 + a. Calculate the highest common divisor of d and j.
7
Let c(f) be the second derivative of 2*f**4/3 - 2*f**3 - 25*f**2 + 219*f. Let p be c(-4). What is the highest common factor of p and 9?
9
Let n(f) = -3*f**2 - 29*f + 32. Let w be n(-11). Let p be 42/w*-134 - (6 + -1). Calculate the greatest common factor of p and 29.
29
Let g(l) = 15*l - 100. Let v be g(7). Suppose v*p = -3*t + 33 + 48, -2*t + 29 = -5*p. What is the highest common divisor of 77 and t?
11
Let a(g) = 4*g**2 + g - 1. Let z be a(-2). Let x = -97 + 493. Suppose -i = -d + 100, -10*d = -6*d - 5*i - x. Calculate the greatest common factor of z and d.
13
Let v(r) = -r**2 - 14*r - 1. Let i = -37 - -39. Let t be (3 - 2)/((2/(-11))/i). Let w be v(t). Calculate the greatest common factor of 128 and w.
32
Suppose 3797 = 22*w - 10591. Let d = w + -195. What is the highest common divisor of d and 17?
17
Suppose 2*l + 3*y = -y + 158, 2*y = -4*l + 280. What is the greatest common factor of l and 8?
1
Suppose -9*p - 3*b = -5022, p - 839 + 286 = -2*b. Calculate the highest common factor of 817 and p.
43
Let l(f) = -f**2 + 10*f - 12. Let b be l(9). Let c be b*(-4618)/36 + 8/48. Calculate the greatest common factor of c and 55.
55
Let r = 5136 + -4509. What is the greatest common factor of r and 99?
33
Let a(d) = 86*d**3 - 7*d**2 + d - 3. Let f be a(-2). Let s = f + 792. Calculate the greatest common factor of s and 497.
71
Suppose 2*n - 3*n - 5 = 0. Let f be ((48/5)/(-4))/((-1)/n). Let h = 15 - f. Calculate the greatest common factor of 27 and h.
27
Suppose 0 = 2*a + 2*t + 592, -t + 1474 = -19*a + 14*a. Let z = -293 - a. Let q be 0 - (-2 - (-1 - -1)). What is the highest common divisor of q and z?
2
Suppose -7*w - 3409 - 910 = 0. Let f = 653 + w. Let n be (4*5)/(1/3). Calculate the greatest common divisor of n and f.
12
Let r = 20177 - 19934. Calculate the highest common factor of 5670 and r.
81
Let b = 21667 - 21632. Calculate the highest common factor of b and 2373.
7
Suppose -2 = 5*w - 2. Let j be 20/2 - (w + -4). Let v be (j/7)/(2/13). What is the highest common factor of 91 and v?
13
Let r be (284/5 - -2)/((-21)/(-70)). What is the highest common factor of r and 98?
98
Let z(h) be the third derivative of 11*h**4/4 - 133*h**3/3 - 174*h**2. Let n be z(5). Calculate the greatest common factor of n and 12.
4
Let c be -9 + 9 + -8 + -498. Suppose 5*m - 668 = -4248. Let b = c - m. Calculate the greatest common factor of 30 and b.
30
Let q(c) = -5 + 34 + 18 - 6*c. Let x be q(9). Let m be (2 + -1)/(x/(-693)). Calculate the highest common divisor of 11 and m.
11
Suppose z = 5, 265*z - 261*z = -w + 64. Calculate the greatest common divisor of 1903 and w.
11
Let j(y) = -y**3 + y**2 - 9*y - 9. Let q be j(-5). Suppose -9*m = -15*m + q. What is the highest common factor of 248 and m?
31
Suppose -29*w = -33*w + 2*y + 16900, -w = y - 4225. What is the greatest common factor of 150 and w?
25
Suppose -50*b - 7187 + 33237 = 0. What is the highest common factor of 1 and b?
1
Suppose -251*l - 80040 = -311*l. What is the highest common factor of 348 and l?
58
Let i(z) = 6*z**2 - 57*z + 8. Let u be i(10). Suppose -h + 80*y = 81*y - u, -4*y - 8 = 0. What is the highest common factor of 25 and h?
5
Let j be (66/8)/(27/72). Suppose -5*i = -6*i + j. Suppose 30 = i*v - 19*v. Calculate the highest common factor of 25 and v.
5
Let r(l) = -265*l**3 + 3*l**2 - 17*l - 19. Let f be r(-1). Calculate the highest common divisor of 574 and f.
14
Suppose -2*m + 38 = -32. Let v be (-16)/8 + 3 + m. Calculate the greatest common divisor of 396 and v.
36
Let k(y) = 61*y**3 - 3*y**2 + 2. Let w be (3/6)/((-2)/4*-1). Let x be k(w). What is the highest common factor of x and 24?
12
Suppose v + 4 = t - 5, -5*t + 69 = 3*v. Suppose -38*c - 3*f = -40*c + 37, 46 = 4*c - 2*f. Calculate the greatest common factor of t and c.
4
Suppose -317*a = -314*a - 441. Let p = 954 + -933. What is the highest common divisor of a and p?
21
Let v = 50 - 30. Suppose l - 5*l = -v. Suppose 9*j = l*j + 116. Calculate the highest c